320. What is the greatest common divisor of 9 and q?
9
Let o = -5 - -9. Suppose -3*l = 6*y - 2*y - 65, -5 = l - o*y. Suppose 7*q - 2*q = l. Calculate the greatest common divisor of 2 and q.
1
Suppose -5*w - 3*p + 52 = -35, 4*w + 3*p - 69 = 0. Calculate the highest common divisor of w and 36.
18
Let k = 76 + -71. Let j = 1 + 4. Calculate the highest common divisor of k and j.
5
Let k be 455/10 + (-3)/2. Suppose -4*d + 459 = 19. What is the highest common factor of k and d?
22
Suppose 3*o = s + 14, 0 = -5*o + 3*o - 3*s + 24. Let u = 563 - 515. What is the highest common divisor of o and u?
6
Let a = -60 + 125. Let c = -10 + a. What is the highest common divisor of c and 5?
5
Suppose -2*i - 20 = -5*n, -45 = -5*n - 4*i + 5. Suppose 0*f - 4*f = -152. Let q = 92 - f. Calculate the highest common divisor of n and q.
6
Let b(o) = -3*o**2 - o - 2. Let l(w) = -3*w**2 - 3. Let a(g) = -4*b(g) + 3*l(g). Let m be a(-3). Calculate the greatest common factor of 2 and m.
2
Let q(r) = -10*r - 9. Let x be q(-10). Let c be (-1)/(-4) + (-102)/(-8). Calculate the highest common factor of c and x.
13
Let v(j) = -j**3 + 9*j**2 - 9*j - 4. Let i be v(7). Let u = 3 + i. What is the highest common factor of 85 and u?
17
Suppose 4*z - 39 = z. What is the greatest common factor of 104 and z?
13
Let i be 284/8 + (-2)/4. Let s = -24 + i. Calculate the highest common factor of s and 22.
11
Suppose 4*n = f - 13, 3*n - 2*n = -3*f + 52. Let j(z) = 62*z - 33. Let u be j(3). Calculate the greatest common factor of u and f.
17
Suppose -4*h + 259 = 3. Let j = 9 - 1. What is the highest common divisor of h and j?
8
Let g = 11 + 1. Let p(k) = -k**3 - k**2 + k + 18. Suppose 0 = 2*m - 0*m. Let r be p(m). Calculate the greatest common divisor of g and r.
6
Suppose u - 79 - 92 = 0. Suppose -5*c + u = 31. What is the greatest common divisor of 14 and c?
14
Let p(v) = -v**2 - 6*v - 4. Let n be p(-5). Let u = 22 - n. Calculate the highest common factor of u and 3.
3
Let s(d) be the first derivative of d**4/4 + 2*d**3 - 2*d**2 + 8*d + 1. Let a be s(-6). What is the highest common divisor of a and 288?
32
Suppose 3*b - 3*w - 3 = -0, 4*b + 3 = -3*w. Suppose b = -4*n + 2*t + 14, 2*n + 0*n - 4*t = -2. What is the greatest common factor of n and 1?
1
Let g = 8 - 4. Let l(o) = -5*o - g*o**2 + 0*o - 3*o**3 + 0*o**2 - 4. Let h be l(-3). Calculate the greatest common factor of h and 14.
14
Let a be -1 + -1 - -5 - -47. Calculate the highest common divisor of 10 and a.
10
Let n = -3 - -5. Suppose -5*v + 67 + 125 = -z, n*v + 5*z = 66. What is the greatest common factor of v and 19?
19
Suppose -d + 2*d - 5 = 0. Suppose 65 = d*a - 0*a. Calculate the greatest common factor of a and 91.
13
Let k be (0 - (-480)/(-18))*(-3)/2. Suppose 4*w - 2*w - 16 = 0. What is the highest common divisor of k and w?
8
Let i(u) = -u**2 - u - 1. Let a(m) = -4*m**2 - 14*m - 16. Let g(l) = -a(l) + 3*i(l). Let j be g(-11). What is the greatest common divisor of 26 and j?
13
Let o = -3 - -4. Suppose -64 - o = -z. Let u = 18 + -5. Calculate the highest common divisor of z and u.
13
Suppose -5*z - 15*z + 1080 = 0. What is the highest common divisor of z and 378?
54
Let z be 1/2*(0 + 84). Calculate the highest common factor of 21 and z.
21
Let q(x) be the third derivative of x**5/60 + x**4/8 + 5*x**3/6 + 7*x**2. Let z be q(-4). Calculate the greatest common factor of 99 and z.
9
Suppose -6*t + 4*t - 7 = 5*i, 5*t = 2*i + 26. Let s = 13 + i. What is the highest common divisor of 30 and s?
10
Let y = 48 + -18. What is the highest common factor of y and 20?
10
Let q = -38 - -63. Suppose 0*f + 2*f - 150 = 0. Calculate the highest common factor of f and q.
25
Suppose -2*o + 40 = -14. What is the greatest common divisor of o and 27?
27
Let a = 23 - 12. Calculate the highest common factor of a and 121.
11
Suppose -106 = -2*u - 34. Let h be ((-8)/2)/(1 - 2). Suppose 3 = r + h*t - 6*t, 2*r - u = -2*t. What is the greatest common factor of r and 91?
13
Let t = 13 - 3. Calculate the highest common divisor of t and 30.
10
Suppose 38 = 3*m - 28. Calculate the greatest common factor of 198 and m.
22
Let w be (-3 - -3 - 1) + -5. Let f(k) = k**3 + 6*k**2 - k + 2. Let l be f(w). Calculate the greatest common divisor of l and 72.
8
Suppose g + 3*u - 279 = 0, -140 + 1181 = 4*g - 3*u. Let d be (-5 - -1)*(-9 + 3). What is the greatest common divisor of g and d?
24
Suppose 5*s - 6 - 9 = 0. Suppose -2*b - s*q = -b - 54, -5*b = -2*q - 202. What is the greatest common factor of b and 21?
21
Let t(g) = 3*g + 0 + 8 + 0 + g**2 - 2. Let n be t(-5). What is the greatest common factor of 112 and n?
16
Suppose 2*b = -3*b + 10. Let a = -2 + 6. Suppose f + 14 = a*f - b*m, -10 = -5*m. What is the greatest common factor of f and 18?
6
Suppose 2*c - 4*d = 14, 0 = c - d - 3*d + 3. Let p = c - 8. What is the highest common divisor of 27 and p?
9
Let m be (-2)/5 - (-186)/15. Let z = 79 + -43. Calculate the greatest common factor of m and z.
12
Let l = -27 + 28. Suppose -d - 3 + 2 = -2*x, 2*x + 5 = 3*d. What is the greatest common divisor of l and x?
1
Let a = 59 - 34. Calculate the highest common divisor of a and 175.
25
Let r be -1 + 0 + 1/(-1). Let n be -4 - -5 - 30/r. Suppose 4*z = 20, 3*u - 38 = -3*z + n. Calculate the greatest common divisor of u and 13.
13
Let p(q) = q**2 - q - 9. Let m be p(6). What is the highest common factor of m and 7?
7
Suppose 3*l - 28 = -4*l. Suppose -8 - 4 = 3*s. Let f = l - s. Calculate the greatest common factor of 4 and f.
4
Suppose 0 = o - 3, 0 = -5*c + o + o + 194. What is the greatest common divisor of c and 4?
4
Let b be (-2)/3*(-6)/4. Let c be (1 - (-14)/(-10)) + 74/10. What is the highest common factor of b and c?
1
Let w = 27 + 38. What is the greatest common divisor of 26 and w?
13
Let c(d) = -d**3 - 17*d**2 - 2*d - 18. Let b be c(-17). Calculate the greatest common divisor of 24 and b.
8
Let t(o) = 2*o. Let h be t(6). Let c(u) = u**2 - 13*u + 23. Let m be c(h). Calculate the highest common factor of 11 and m.
11
Suppose 0 = h - 35 + 6. Suppose 94 = 2*t + 3*v + v, v = -3*t + 126. Let i = t - h. What is the highest common divisor of i and 48?
12
Let l be (-1 - -2)/(8/16). Suppose -l*z = -0*z - 44. Calculate the greatest common divisor of z and 11.
11
Let p be ((-6)/5)/(12/40). Let u be (10/3)/(p/(-12)). What is the highest common divisor of u and 5?
5
Let f be (-296)/(-5) + (-4)/(-5). Calculate the greatest common factor of 24 and f.
12
Let q = 30 - 20. Let i(a) = 11 + a - 6 + q. Let k be i(-7). Calculate the highest common factor of k and 20.
4
Let q(w) = 6*w**2 - 4*w - 3. Let c be q(4). Calculate the greatest common factor of 11 and c.
11
Let u = 0 + 5. Suppose -n - d + 8 = 0, -u*n + 3*d = -0*d - 8. Let m be -1*(2 - 0) + n. What is the greatest common factor of m and 14?
2
Let p(a) = -3 + 28*a + 6 - 10. Let d be p(4). Calculate the highest common factor of 15 and d.
15
Let w(b) = 9 - b**3 - 7 + 7*b**2 + 2*b + 0*b**3 - b. Let c be w(7). Let i(u) = 5*u - 3. Let j be i(c). Calculate the greatest common factor of 28 and j.
14
Suppose -5*y + 7*y = 2. Calculate the highest common divisor of 1 and y.
1
Let n = 11 - 12. Let z = n + 3. Let j be (-150)/(-18) - z/(-3). What is the greatest common factor of 1 and j?
1
Suppose -28 = -5*c + 82. Calculate the greatest common divisor of 110 and c.
22
Suppose 2*p = -2*u + 6, u - 2 - 1 = -3*p. Let a be 0 + (p + -1 - -9). What is the greatest common divisor of 24 and a?
8
Suppose 0 = -x - 2*h + 20, 0 = x + 4*x + 4*h - 106. Let p(f) = -f + 6. Let j be p(-5). What is the highest common divisor of x and j?
11
Let o = 75 - 74. What is the greatest common factor of 11 and o?
1
Let k = 70 - 37. What is the greatest common divisor of 3 and k?
3
Let x = 83 + -293. Let z = x - -350. Calculate the greatest common divisor of 14 and z.
14
Let d(y) = y**2 + 2*y - 5. Let w be d(-5). What is the greatest common factor of 6 and w?
2
Suppose -3*n + 20 = 4*l, 0*l - 5*l = 4*n - 28. Let u = -9 + n. Suppose -16 = -y - u*y. What is the highest common divisor of y and 16?
4
Suppose 34 = 2*v + 3*x, -21 = -v - 3*x - 1. Suppose -5*w + 131 = -3*b + 4*b, 0 = -5*b + 4*w + 626. What is the highest common factor of v and b?
14
Let a be 2/1*(-75)/(-10). Let f = a - 5. Let z be 28/10 + 2/f. What is the greatest common factor of